{"id":408,"date":"2018-11-15T09:14:23","date_gmt":"2018-11-15T09:14:23","guid":{"rendered":"https:\/\/demo.everestthemes.com\/everestnews\/demo\/everest-news-pro-i\/?page_id=408"},"modified":"2022-07-03T20:43:05","modified_gmt":"2022-07-03T20:43:05","slug":"quienes-somos","status":"publish","type":"page","link":"https:\/\/defiendase.com\/index.php\/quienes-somos\/","title":{"rendered":"\u00bfQui\u00e9nes somos?"},"content":{"rendered":"<p>Somos un&nbsp;equipo de profesionales, liderado por el Dr Luis Otero. Entendemos&nbsp;la importancia de la buena informaci\u00f3n en el momento justo.<\/p>\n<p>Un equipo con amplia capacidad y variedad de herramientas digitales para que esa informaci\u00f3n llegue a tiempo y de manera eficaz.<\/p>\n<p>Y que esa informaci\u00f3n te ayude a vos a evitarte un problema. Y si ya est\u00e1s en apuros que te sirva para poder solucionarlos de la forma m\u00e1s eficiente.<\/p>\n<p>Todos nos ayudamos. Porque cuando nos cont\u00e1s tu caso le est\u00e1s advirtiendo a otro que no cometa el mismo error.<\/p>\n<p>Creemos que el abogado no est\u00e1 para \u00abseparar\u00bb a las partes, sino para ayudarlas a encontrar la mejor manera de solucionar sus problemas. Es decir, ejercemos el Derecho en forma Preventiva.<\/p>\n<p>Cuanto m\u00e1s r\u00e1pido se ataca una cuesti\u00f3n conflictiva, por lo general m\u00e1s r\u00e1pido se resuelve. Salvo excepciones, la mejor manera de resolver el problema es evitarlo.<\/p>\n<p>Por eso no dudes. Escribinos, llamanos, consultanos. Estamos siempre listos para darte una mano.<\/p>\n","protected":false},"excerpt":{"rendered":"<p>Somos un&nbsp;equipo de profesionales, liderado por el Dr Luis Otero. Entendemos&nbsp;la importancia de la buena<\/p>\n","protected":false},"author":1,"featured_media":849,"parent":0,"menu_order":0,"comment_status":"closed","ping_status":"closed","template":"","meta":{"om_disable_all_campaigns":false,"_monsterinsights_skip_tracking":false,"_monsterinsights_sitenote_active":false,"_monsterinsights_sitenote_note":"","_monsterinsights_sitenote_category":0},"aioseo_notices":[],"post_mailing_queue_ids":[],"_links":{"self":[{"href":"https:\/\/defiendase.com\/index.php\/wp-json\/wp\/v2\/pages\/408"}],"collection":[{"href":"https:\/\/defiendase.com\/index.php\/wp-json\/wp\/v2\/pages"}],"about":[{"href":"https:\/\/defiendase.com\/index.php\/wp-json\/wp\/v2\/types\/page"}],"author":[{"embeddable":true,"href":"https:\/\/defiendase.com\/index.php\/wp-json\/wp\/v2\/users\/1"}],"replies":[{"embeddable":true,"href":"https:\/\/defiendase.com\/index.php\/wp-json\/wp\/v2\/comments?post=408"}],"version-history":[{"count":4,"href":"https:\/\/defiendase.com\/index.php\/wp-json\/wp\/v2\/pages\/408\/revisions"}],"predecessor-version":[{"id":851,"href":"https:\/\/defiendase.com\/index.php\/wp-json\/wp\/v2\/pages\/408\/revisions\/851"}],"wp:featuredmedia":[{"embeddable":true,"href":"https:\/\/defiendase.com\/index.php\/wp-json\/wp\/v2\/media\/849"}],"wp:attachment":[{"href":"https:\/\/defiendase.com\/index.php\/wp-json\/wp\/v2\/media?parent=408"}],"curies":[{"name":"wp","href":"https:\/\/api.w.org\/{rel}","templated":true}]}}