{"id":406,"date":"2018-11-15T09:11:41","date_gmt":"2018-11-15T09:11:41","guid":{"rendered":"https:\/\/demo.everestthemes.com\/everestnews\/demo\/everest-news-pro-i\/?page_id=406"},"modified":"2026-03-13T16:16:33","modified_gmt":"2026-03-13T19:16:33","slug":"tu-abogado-en-linea","status":"publish","type":"page","link":"https:\/\/defiendase.com\/index.php\/tu-abogado-en-linea\/","title":{"rendered":"Tu Abogado en L\u00ednea"},"content":{"rendered":"<div class=\"tu-abogado-en-linea-2\">\n<div class=\"tu-abogado-en-linea-text\">\n<h4>Un profesional de Defiendase va a ayudarte a resolver tu problema antes que la situaci\u00f3n se agrave. Si necesit\u00e1s mayor asesoramiento pod\u00e9s pedir una entrevista personal.<\/h4>\n<p><strong>CONSULTA EN LINEA:<\/strong> Un Abogado especialista est\u00e1 esperando tu consulta. Te orientamos para que puedas resolver tu problema por un m\u00ednimo costo. Abonando $23.162 (MEDIO JUS) podr\u00e1s hacer una consulta por nuestro WhatsApp 11-3923-2323 y un Abogado de nuestra red te responder\u00e1 dentro de las 72hs.<\/p>\n<p><strong>CONSULTA VIRTUAL:<\/strong> Tambi\u00e9n te damos la opci\u00f3n de consultar personalmente a un abogado de los que integran nuestra red de manera virtual en una entrevista online. El arancel es de $92.650 (2 JUS). Para solicitar esta entrevista, comunicate al 11-3923-2323.<\/p>\n<\/div>\n<div class=\"tu-abogado-en-linea-text\">\n<p class=\"product woocommerce add_to_cart_inline \" style=\"border:4px solid #ccc; padding: 12px;\"><a href=\"?add-to-cart=1088\" data-quantity=\"1\" class=\"button product_type_simple add_to_cart_button ajax_add_to_cart\" data-product_id=\"1088\" data-product_sku=\"\" aria-label=\"A\u00f1ade &ldquo;Consulta en Linea&rdquo; a tu carrito\" rel=\"nofollow\">Hacer Consulta<\/a><\/p>\n<\/div>\n<\/div>\n","protected":false},"excerpt":{"rendered":"<p>Un profesional de Defiendase va a ayudarte a resolver tu problema antes que la situaci\u00f3n<\/p>\n","protected":false},"author":1,"featured_media":0,"parent":0,"menu_order":0,"comment_status":"closed","ping_status":"closed","template":"","meta":{"om_disable_all_campaigns":false,"_monsterinsights_skip_tracking":false,"_monsterinsights_sitenote_active":false,"_monsterinsights_sitenote_note":"","_monsterinsights_sitenote_category":0},"aioseo_notices":[],"post_mailing_queue_ids":[],"_links":{"self":[{"href":"https:\/\/defiendase.com\/index.php\/wp-json\/wp\/v2\/pages\/406"}],"collection":[{"href":"https:\/\/defiendase.com\/index.php\/wp-json\/wp\/v2\/pages"}],"about":[{"href":"https:\/\/defiendase.com\/index.php\/wp-json\/wp\/v2\/types\/page"}],"author":[{"embeddable":true,"href":"https:\/\/defiendase.com\/index.php\/wp-json\/wp\/v2\/users\/1"}],"replies":[{"embeddable":true,"href":"https:\/\/defiendase.com\/index.php\/wp-json\/wp\/v2\/comments?post=406"}],"version-history":[{"count":28,"href":"https:\/\/defiendase.com\/index.php\/wp-json\/wp\/v2\/pages\/406\/revisions"}],"predecessor-version":[{"id":7114,"href":"https:\/\/defiendase.com\/index.php\/wp-json\/wp\/v2\/pages\/406\/revisions\/7114"}],"wp:attachment":[{"href":"https:\/\/defiendase.com\/index.php\/wp-json\/wp\/v2\/media?parent=406"}],"curies":[{"name":"wp","href":"https:\/\/api.w.org\/{rel}","templated":true}]}}